et r = -9 - -13. Let d = 18 - r. What are the prime factors of d?
2, 7
Let n = 5 + 15. Suppose 0 = -2*p + 2*s - 8, p - 4*s = -s + 4. Let t = p + n. What are the prime factors of t?
2, 3
Suppose 3*j - 66 = -0*j. Let l = j + -7. What are the prime factors of l?
3, 5
Let k = -104 + 180. List the prime factors of k.
2, 19
Let y be 2 + 0 + (0 - 2). Suppose -p + 8 + 6 = y. What are the prime factors of p?
2, 7
Let h be 37*-1 - 3/3. Let c = h - -26. Let y = c + 31. List the prime factors of y.
19
Let v = 21 + -10. What are the prime factors of v?
11
Let x(f) = 4*f**3 - 2*f**2 + 5*f - 3. List the prime factors of x(3).
2, 3, 17
Let k be ((-4)/(-10))/(3/165). Suppose -32 = -4*c + 4*v, 3*c - k = 6*v - 4*v. What are the prime factors of c?
2, 3
Suppose 5*t - 6 = 2*t. Suppose 0 = -6*x + t*x + 20. What are the prime factors of (-10)/(-1) - (3 - x)?
2, 3
Suppose -3*l + 543 = 5*k, 5*k - 435 = k - 3*l. List the prime factors of k.
2, 3
Suppose -l + 3 = -0*l. Suppose -4*q + 3*p - p + 118 = 0, 3*p = l*q - 93. List the prime factors of q.
2, 7
List the prime factors of (-7*1)/(6/(-6)).
7
Let j = 87 + 11. What are the prime factors of j?
2, 7
Let v = 248 - 149. Let w be v/3*8/6. Let u = w + -30. What are the prime factors of u?
2, 7
Suppose -10 = -2*c - 0*i - 2*i, 2*i - 6 = 2*c. Let t = c - -33. What are the prime factors of t?
2, 17
Let g be ((-5)/(-15))/(1/(-3)). Let n be 5/(15/(-66))*g. Let x = n - 15. What are the prime factors of x?
7
Suppose -4*v = -4*o - 116, 4*v - 74 = 2*o + 34. List the prime factors of v.
5
Suppose -2*j = -3*i - 13 - 7, 4*j - 40 = 3*i. List the prime factors of j.
2, 5
Let v(c) = 2*c**2 + 2*c - 1. Let f be v(1). Suppose 3*g = f*h - 3, 8*g - 4*g - 14 = -2*h. Suppose -g*b - 3 = -21. What are the prime factors of b?
3
Suppose -80 = y - 6*y. What are the prime factors of y?
2
Let i(r) = r**3 - 5*r**2 - 5*r - 1. Let p = 2 + 4. Let f be i(p). Suppose -v = -f + 2. What are the prime factors of v?
3
Suppose -5 - 3 = 4*y - 4*s, -3*y = -5*s + 10. Suppose y*q - 4*q = -8. What are the prime factors of (-20)/(-6) - q/6?
3
Suppose q + q = 118. Let t = q - 28. What are the prime factors of t?
31
Suppose 5*q + 3*i - 207 = 0, -2*q + 5*i + 47 = -q. List the prime factors of q.
2, 3, 7
Let m be 1/2 + 2/(-4). Suppose 5*k + 0 - 5 = m. Let u = 4 - k. What are the prime factors of u?
3
Let t = -9 + 8. Let s(k) = -3*k. Let h be s(t). Suppose -3*x + h*q + 66 = 0, 4*x + 2*q - 68 = q. What are the prime factors of x?
2, 3
Let s(m) = 2*m - 9. Let l be s(8). What are the prime factors of (2 - 5)*(2 - l)?
3, 5
Suppose -2*z - 5*w - 23 = 0, 5*z + 14 = -4*w - 1. Let b be 0/((-3 + 2)*z). Suppose q - 2 - 2 = b. What are the prime factors of q?
2
Let k = 2 - -1. Suppose 0 = -4*j + 5*i + 17, 2*i - 3*i + 11 = 4*j. Suppose j*b = -4*p + 10 + 4, -5*b = -k*p - 4. What are the prime factors of p?
2
Suppose 2*y = -t - 0*y, 2*y - 24 = -4*t. What are the prime factors of t?
2
What are the prime factors of 8/((-60)/16 - -4)?
2
Let t(k) = k**3 - 5*k**2 - 17*k - 19. List the prime factors of t(8).
37
Suppose 0*q - 196 = -4*q - 5*x, x + 166 = 3*q. List the prime factors of q.
2, 3
Suppose -508 = -4*v + 176. List the prime factors of v.
3, 19
Suppose -3*a = -4*a + 5. Suppose -5*z + a*b = -103 - 62, -4*z - 2*b = -150. List the prime factors of z.
2, 3
Suppose -2 = 2*a, -5*a + 2*a = 2*m - 123. List the prime factors of m.
3, 7
Let h be 12/5 - 12/(-20). Let w be (1 + 3)/(2 - h). Let b = w + 6. What are the prime factors of b?
2
Suppose 47*i = 50*i - 21. Let n(m) = -5 - 2 - m**2 + 9*m - 3. What are the prime factors of n(i)?
2
Let u = 15 - 9. What are the prime factors of u?
2, 3
Let l = -174 + 243. List the prime factors of l.
3, 23
Suppose -j - 30 = -90. List the prime factors of j.
2, 3, 5
Let k(g) = -30*g + 8. List the prime factors of k(-4).
2
Let m be (-102)/(-4) + 9/(-6). Suppose 0*c = -4*c + m. List the prime factors of c.
2, 3
Let m = 4 - 1. Suppose -3*l + 2*f + m = -1, 5*f = l + 16. Suppose l*s = -4, 4*u - 50 = -s + 3*s. List the prime factors of u.
2, 3
Suppose 4 = -14*d + 16*d. Suppose q - 75 = -4*b, 3*b - 2*q - 84 = -d*b. What are the prime factors of b?
2, 3
Suppose -3*f - 5*m + 7 + 0 = 0, 4*m - 16 = -5*f. What are the prime factors of f?
2
Let r(t) be the second derivative of t**4 - t**3/6 - t**2/2 + t. Let c(y) = -y**2 - 3*y - 1. Let k be c(-3). What are the prime factors of r(k)?
2, 3
Suppose 8 + 8 = -4*n. Let s = n + 14. Suppose -2*x + 7*x - s = 0, -21 = -5*h - 3*x. List the prime factors of h.
3
Let i = 11 - 9. Let g(r) = 2*r**2 + 2*r**2 - i*r - 1 + 1 - 1. What are the prime factors of g(2)?
11
Let f(a) = 3*a + 1. Let j be f(2). List the prime factors of (-1368)/(-63) + 2/j.
2, 11
Let b = 3 + -8. Let h = 8 + b. Suppose -g - h = -7. List the prime factors of g.
2
Let s(u) = u**3 + 19*u**2 - 23*u + 29. List the prime factors of s(-20).
89
Let m = 31 - 19. What are the prime factors of m?
2, 3
Let k(g) = 4*g - 6. Let f be k(2). Suppose f*x - 114 = -x. What are the prime factors of x?
2, 19
Suppose -t = 5*a - 16, -a = -3*t + a + 116. List the prime factors of t.
2, 3
Let q = -3 + 5. Let p = q - 3. Let m(r) = -2*r. What are the prime factors of m(p)?
2
Let p(l) = l**2 - 7*l + 11. What are the prime factors of p(12)?
71
What are the prime factors of 1647/(-36)*32/(-6)?
2, 61
Let h = 2 - -20. What are the prime factors of h?
2, 11
Let o(s) = -5*s + 2. Let w be o(2). Let h(r) = -r + 11. Let f be h(8). Let y = f - w. List the prime factors of y.
11
Suppose -3 = 3*j + 9. Let o(z) = -12*z - 1. List the prime factors of o(j).
47
Let p(s) = -s - 4. Let l be p(-6). Let b(w) = -3*w - 5*w - l*w + 4*w - 3. What are the prime factors of b(-3)?
3, 5
Let d = -2 - 9. Let a(x) = -x - 9. Let b be a(d). Suppose 12 = -b*t + 6*t. What are the prime factors of t?
3
Let u = 5 + -11. List the prime factors of 3/(u/4) + 16.
2, 7
List the prime factors of 362 + 0 - 6/(-3).
2, 7, 13
Let f(a) = a**2 + 1. Let t be f(1). Suppose 3*x - 36 - 4 = -t*s, 4*s = -3*x + 44. Suppose -3*p + 2*p + x = 0. What are the prime factors of p?
2, 3
Let k = -2 - -4. Suppose k*r = -0*r. Suppose -d + r*d = -2. List the prime factors of d.
2
Suppose 4*d = -c + 311, d - 395 = -4*d + 5*c. List the prime factors of d.
2, 3, 13
Let c(a) = -a**2 - 10*a - 8. Let b be c(-6). Let n = 24 - b. What are the prime factors of n?
2
Let y(s) = -s**3 - 14*s**2 - 38*s. List the prime factors of y(-11).
5, 11
Suppose -3*l + 75 = -54. Suppose 5*q - l = 117. List the prime factors of q.
2
Let g = 93 + -53. Suppose g = 2*t - 14. What are the prime factors of t?
3
Suppose 0 = -4*j + 136 - 0. List the prime factors of j.
2, 17
What are the prime factors of (6/5)/(18/1305)?
3, 29
Suppose 20 = 3*i - i. Let t = i - -5. List the prime factors of t.
3, 5
List the prime factors of (-16)/(-20)*(-30)/(-4).
2, 3
What are the prime factors of 1/(-2) - ((-905)/10 + -4)?
2, 47
Suppose -5*o + 128 = -22. What are the prime factors of o?
2, 3, 5
Let h(c) be the first derivative of c**4/2 - c**3/6 - c**2/2 - c - 3. Let y(s) be the first derivative of h(s). List the prime factors of y(-1).
2, 3
Let o(i) = -3*i**3 + 6 + 0*i - 2*i + 2*i**3 - 6*i**2. Let z be 2 + -10 + (1 - -1 - 0). What are the prime factors of o(z)?
2, 3
Suppose -18*c = -5*c - 351. Suppose -3*z - 3*f - 51 = 0, -3*f = 4*z + 30 + 37. Let h = z + c. List the prime factors of h.
11
Suppose -3*z = 2*i + 6, 12 = z - i - 3*i. Suppose 0*b + 3*b + v + 10 = 0, 3*b - 3*v + 18 = z. Let g = 7 + b. List the prime factors of g.
3
Let d be 2*-4 + 3 + 0. Let t = 20 + d. What are the prime factors of t?
3, 5
Let s(u) = -8*u**3 + u**2. Let q be s(1). Let m = 10 + q. Suppose -23 = -2*r - 5*w, r - w = -2 + m. What are the prime factors of r?
2
Let b = 11 - 3. List the prime factors of b.
2
Suppose 0 = 3*r - 2*z - 5, -r + 8 = 3*z - 1. Suppose 2*n + 2*y + 3*y - 19 = 0, 0 = r*n - 5*y - 41. List the prime factors of n.
2, 3
Suppose -4*y + 46 + 317 = 5*g, 4*g = y + 282. What are the prime factors of g?
71
Let n(l) = 7*l + 13. List the prime factors of n(5).
2, 3
Let y(v) = -11 + 0 + 3*v**2 - v + 1. Let f be y(-7). What are the prime factors of f/14 + 2/(-7)?
2, 5
Suppose -4*o + 12 = -0. Suppose 3*i + 3*x - 42 = 0, o*i - x - 56 = -i. What are the prime factors of i?
2, 7
Suppose 0 = s - 6 - 12. What are the prime factors o